095 = 5*d - 3*j, 0*d - 3*j = 4*d + 849. What are the prime factors of (1/2)/((-9)/d)?
2, 3
Let i = 9 + 3. What are the prime factors of (-6)/(-9) - (-124)/i?
11
Let a(y) be the second derivative of -y**3/6 - 2*y**2 - 2*y. Let n be a(-3). Let h(u) = -4*u. What are the prime factors of h(n)?
2
Let w = 86 - 40. List the prime factors of w.
2, 23
Suppose -a = -0*a - 2. Suppose -2*k + 31 = -c, k = -a*k + 4*c + 54. What are the prime factors of k?
2, 7
Let i(p) = -p + 12. Let b be i(-8). Suppose z - 54 + b = 0. What are the prime factors of z?
2, 17
Suppose 0 = -5*j + 2*j + 27. Let r = -13 + j. Let n = r + 13. What are the prime factors of n?
3
Let m(j) = 16*j - 4 + 5 - j**2 + 2 + 5. List the prime factors of m(14).
2, 3
Let g(l) = l**3 + 3*l**2 - 5*l + 1. Let t be g(-4). Suppose 3*o = -2*m - 10 - 1, t*m + 23 = -3*o. What are the prime factors of -2 + 0 + (o - -7)?
2
Suppose 0 = 2*t + 3*l - 5*l - 40, 4*l = 2*t - 50. List the prime factors of 7*2 - t/(-5).
17
Let d be (3 - (-1 + 0))*1. Suppose 44 = 4*z + 2*m - 0*m, 0 = -2*z - d*m + 16. What are the prime factors of z?
2, 3
Let r = 46 - -74. Suppose -5*j = -r + 50. List the prime factors of j.
2, 7
List the prime factors of 10/20 + (-69)/(-2).
5, 7
Let n(r) = -r + 5. Let z be n(4). List the prime factors of z*(33 + -2 - 2).
29
Suppose 0 = 2*j + 3 - 13. Suppose 5*h = -25, 2*i + 0*i + h + j = 0. Suppose i = -3*l + 6*l - 24. List the prime factors of l.
2
Let y be (-5 - -3)/(-2)*1. Let l be 1/(-2)*(y - 1). What are the prime factors of (24/(-6))/(l - 1)?
2
Let b(k) = 106*k - 1. Let h be b(1). Suppose h = 4*z - 5*z. List the prime factors of (8/10)/((-14)/z).
2, 3
Let d(x) = -x**3 + 6*x**2 - 4*x - 2. Let n(b) = b**3 - b**2. Let t be n(2). Suppose -4*p - 2*s - 3*s = -25, p - 9 = -t*s. List the prime factors of d(p).
3
Suppose l = -2*d + 6, -3*l - 2*d = -4*d - 34. Let h = -7 + l. What are the prime factors of h?
3
Let n be 1/((-14)/5 - -3). Suppose -96 = n*w - 266. List the prime factors of w.
2, 17
Suppose 2*u + 2*n - 356 = -0*n, 3*n - 898 = -5*u. List the prime factors of u.
2, 7, 13
Let n = -4 - -10. Let t(s) = -s**3 + 6*s**2 + s + 4. List the prime factors of t(n).
2, 5
Let v(w) = -w**3 + 5*w**2 + 7*w - 3. Let x be v(6). Suppose 0*l - x*l = -102. What are the prime factors of l?
2, 17
Let v(h) = h**3 - 3*h**2 + 5*h - 4. Let u be v(3). Let c = 13 + 2. Let a = c - u. What are the prime factors of a?
2
Suppose -138 = -3*m + m. Suppose 4*y = y + m. List the prime factors of y.
23
Suppose -4*c + 95 = -1. Suppose c = 3*p - 84. List the prime factors of (p/(-30))/(4/(-10)).
3
Suppose 2*m = -m - 5*f + 47, -2*m + 2 = -4*f. Suppose v = -5*h + m + 9, 4*v - 72 = -h. List the prime factors of v.
2, 3
List the prime factors of ((-54)/12)/((-1)/2).
3
Let g be (92/6)/(6/9). Let m = g + -9. Suppose -3*x = -u - m, 7*u - 3*u - 4 = 0. List the prime factors of x.
5
Suppose -3*o + 54 = 150. List the prime factors of -1*(9/(-3) + o).
5, 7
Let v = 37 + -17. List the prime factors of 2 + (-1)/(-2)*v.
2, 3
Let z = 1 + 0. Let q(x) = 3*x**2 - x + 1. Let i be q(z). Suppose 0 = -i*w + 4*w - 11. List the prime factors of w.
11
Suppose -3*q = 2*q + 10. Let d = 3 - q. Suppose -4*u + 43 = -d*r, 2*u - 2*r = -2*u + 46. What are the prime factors of u?
2, 3
Let y be (-6)/5*(-4 - 1). Suppose -2*a + 20 = -3*g + y*g, 3*a + 4*g - 28 = 0. Suppose a*w + 8 - 48 = 0. List the prime factors of w.
2, 5
Suppose 5*h - 10 = 5. What are the prime factors of h + 2/(4/54)?
2, 3, 5
Let x = 24 + -13. List the prime factors of x.
11
Suppose -5*v - 9 = -29. Suppose -v*x - 57 = 23. Let j = -12 - x. What are the prime factors of j?
2
Let n(z) = 1 + 1 + 4*z + z - 3. What are the prime factors of n(2)?
3
Let c(z) = -z**2 - 5*z. Let l be c(-4). Let k be l/(-10) - 8/(-20). Suppose 0 = h - k + 3, 4*n - 30 = 2*h. What are the prime factors of n?
2, 3
Suppose 153 = 5*c + 3*n, -2*c + 19 = -4*n - 37. Suppose -59 = -2*m - 23. Suppose -3*j + m = -c. What are the prime factors of j?
2
Let u = 68 + -15. List the prime factors of u.
53
List the prime factors of (-570)/4*(4 - 84/15).
2, 3, 19
Suppose -5*a - 180 + 33 = -2*j, -2*a + 51 = j. List the prime factors of j.
61
List the prime factors of 318/12 + (-3)/(-6).
3
Let o = -13 + 61. Suppose f = -5*p + o, 2*f + 0*f - 33 = -3*p. What are the prime factors of (-20)/(-9) + (-2)/p?
2
Suppose 3*f - n - 17 = 0, 1 + 4 = -n. Let p(c) be the third derivative of c**4/24 + c**3/3 - c**2. What are the prime factors of p(f)?
2, 3
Let i(r) = r**2 + 6*r + 5. Let y be i(-6). Suppose 35 = 4*s - 3*s + f, -73 = -3*s + y*f. List the prime factors of s.
31
Let w be 4/18 + (-32)/(-18). Suppose b + w*b = 12. Suppose -4 = 3*d - b*d. What are the prime factors of d?
2
Let d = 2 - -1. Suppose d*f + 1 = j + 6, 0 = -4*f. Let r(y) = -2*y - 2. What are the prime factors of r(j)?
2
Let t(l) = 4*l**2 + 0 - 2 - 1 - l**3. Suppose 0 = x - 3. What are the prime factors of t(x)?
2, 3
Suppose 4*b + 4*l = 3*l + 713, 3*b - 528 = -3*l. Let m = b + -106. Suppose 0 = -4*w + 5*i + m, -4*w = 3*i + i - 28. List the prime factors of w.
2, 3
Let i = 4 - 0. Suppose -21 = -i*z + 19. What are the prime factors of (-4)/(1/z*-4)?
2, 5
Let o(y) = y**2 + 2*y + 52. What are the prime factors of o(0)?
2, 13
Let w = 1 + 0. What are the prime factors of w*2*(-130)/(-20)?
13
Let z = 252 + -167. List the prime factors of z.
5, 17
Let o(t) = -t**3 + 3*t**2 - 2. Let i be o(2). Suppose 2*b - 5*n - 19 = 16, i*n + 46 = 4*b. What are the prime factors of b/4*(1 - -1)?
5
Let i be (1/2)/((-1)/(-2)). Let l(m) = m**2 - 2. Let a be l(2). Suppose -b + i = -a. What are the prime factors of b?
3
Let m(d) = d**2 + d + 4. List the prime factors of m(5).
2, 17
Let f(o) = -13*o**3 + 6*o**2 - 9*o + 7. Let l(w) = 4*w**3 - 2*w**2 + 3*w - 2. Let k(h) = 2*f(h) + 7*l(h). What are the prime factors of k(2)?
2, 7
Let g be (8/4 + -3)*3. Let m(q) = -11*q + 7. What are the prime factors of m(g)?
2, 5
Let z(u) = u + 3. Suppose -4*v = -4*k - 12, -5*v + 14 = -11. Suppose -k*d = -7*d + 25. List the prime factors of z(d).
2
Suppose 3*v = i - 3 + 17, -v = 3*i + 2. Let g(c) = c - 1. Let q be g(v). Suppose 7 = q*o - 2. What are the prime factors of o?
3
Suppose 10 = -4*s - 3*p - 34, 55 = -5*s - 2*p. Let a(g) = -g**3 - 12*g**2 - 15*g. What are the prime factors of a(s)?
2, 11
Suppose -38 = 4*z - 778. What are the prime factors of z?
5, 37
Let v be 3/((-4)/8*-3). Suppose -4*y = v*p - 4*p - 36, -30 = -2*y - 2*p. List the prime factors of y.
11
Let r(d) = 2*d**2 + 6*d + 2. What are the prime factors of r(-5)?
2, 11
Let l = 14 - 10. Suppose 26 = 5*n + l*h, 5*n - 3*h = -2 - 0. What are the prime factors of n?
2
What are the prime factors of 20 + 2/((-4)/(-6))?
23
Let t be 7 - 2*(-2)/4. Let l = t - 38. List the prime factors of ((-36)/(-15))/((-4)/l).
2, 3
Suppose 2 = -z + 7. Suppose 5*f - 109 = -4*o, 4*o - 67 = 2*o - z*f. What are the prime factors of o?
3, 7
Let n = 82 + -58. What are the prime factors of n?
2, 3
Let j be 1/(-4) + (-595)/20. Let v = 50 + j. What are the prime factors of v?
2, 5
Let d = 21 - 18. Let a be 1 + (-6)/(-3 - -1). Suppose a*f - 13 = 5*z, -2*f + 2*z = d*f - 29. What are the prime factors of f?
7
Suppose -5*k + 255 = -5*x, -3*k - 4*x = x - 129. List the prime factors of k.
2, 3
Let l = -86 - -120. List the prime factors of l.
2, 17
Let b be 75/4*8/3. Suppose 3*o + 1 = 7. Suppose 3*y - 7*y = -o*v - b, -v = -5*y + 61. List the prime factors of y.
2, 3
Suppose 0 = 4*b - j - 30, 7 = -5*j - 3. Suppose b*n = 2*n + 30. What are the prime factors of n?
2, 3
Let t = 64 - 12. Let w = t - 36. What are the prime factors of w?
2
Suppose -d = -3, 3*i - 21 = -5*d - 0*d. Suppose -i*g + 6*g - 64 = 0. List the prime factors of g.
2
Suppose -y = 4*y + 125. Let q = 18 - y. List the prime factors of q.
43
Let s(c) = c**3 - 8*c**2 - 14*c + 18. List the prime factors of s(10).
2, 3, 13
Let f(z) be the second derivative of -z**4/12 - 7*z**3/6 - 3*z**2 + 2*z. Let q be f(-6). What are the prime factors of 1 + -1*(q - 4)?
5
What are the prime factors of (-2078)/(-13) + -4*4/(-104)?
2, 5
Let o(j) = -j**3 + 10*j**2 - 3*j - 2. What are the prime factors of o(9)?
2, 13
Let l be ((-54)/(-5))/(1/(-5)). List the prime factors of 12/l - 94/(-18).
5
What are the prime factors of 1142/11 + 3 - (-6)/33?
107
Let t = 64 + -38. List the